se 4*x - 8*x + 3*w = -12, -4*x - 2*w + 12 = 0. Suppose -4*r + 2 = -x*r. Suppose 0 = -2*p + 16 - r. Is p a composite number?
False
Suppose w + z = 4, -2*w + z = 2*z - 7. Let k be (-6)/w + 1 + 4. Suppose g - 148 = -3*g + 2*d, -2*g - k*d = -58. Is g a prime number?
False
Suppose -3*c + 25 = -8*c. Let l be ((-9)/(-15))/((-1)/c). Suppose l*s = 4*s - 35. Is s a composite number?
True
Suppose -4*x + 640 = -0*x. Let p = 45 + -31. Suppose p = 2*o - x. Is o a composite number?
True
Let r = -52 + 29. Suppose 134 = 3*c + 4*p, 5*c + 4*p = 9*p + 165. Let k = c + r. Is k a composite number?
True
Let j(g) = -2*g + 3. Is j(-8) prime?
True
Suppose 2*v - 27 = -5*n + 5, -2*n + 15 = v. Let m = v - 6. Suppose m*j = 3*j + 70. Is j composite?
True
Let l = 7 + -2. Suppose l*w = w + 2668. Is w a composite number?
True
Suppose 3*g = 2*n - 4, -2*n + g + 4 = -0. Is (-39)/(-4)*2*n a composite number?
True
Let m = -116 - 50. Is m/(-4)*6/3 composite?
False
Let v(z) be the second derivative of z**6/120 - z**5/30 - z**4/24 + z**3/6 - z. Let r(c) be the second derivative of v(c). Is r(4) a composite number?
False
Let t = 17 - 11. Let l be 1*t*6/4. Is 1/3 + 132/l composite?
True
Suppose 2*t = -s + 104, -5*s - 2*t = -s - 392. Suppose -u = u + 2*k - s, -4*k - 195 = -5*u. Let y = u + -24. Is y a composite number?
False
Let m(r) = r**2 + 11*r - 1. Is m(5) composite?
False
Suppose 2 = -3*p + 4*p. Suppose -5*h - 2*v - 3 = 1, p*h + 10 = -5*v. Suppose h = -i - 4*r + 19, -16 = -i - 5*r - 0*r. Is i a composite number?
False
Let f be 377 - (0/1)/(-2). Suppose -5*j + 88 = -f. Is j composite?
True
Suppose -2626 = -3*k + 347. Is k composite?
False
Suppose -4*g = -2*g + 186. Let c = -38 - g. Suppose z - 5*z + 190 = -2*f, -2*f = z - c. Is z a prime number?
False
Let c(k) = 36*k + 2. Is c(2) prime?
False
Let f(z) = 11*z - 2. Let g be f(-3). Let v = g + 150. Is v composite?
True
Let h be (-63)/14*(-2)/3. Suppose 7*r - h*r - 748 = 0. Is r a prime number?
False
Let r(y) = y**3 + 15*y**2 + 3*y - 9. Let i be r(-8). Let l = 649 - i. Suppose 2*g = 4*n - 216, l = 5*n + 4*g - 23. Is n a composite number?
False
Suppose 36 = 6*d - 2*d. Let p(o) be the first derivative of o**3 - 4*o**2 - 10*o - 1. Is p(d) prime?
False
Suppose 5*v - 141 = 2*v. Let g = v - -8. Is g composite?
True
Let k be 2/5 + (-23)/(-5). Suppose -t + k*t = 3*c - 77, 4*c - 140 = -4*t. Let z = -16 + c. Is z a composite number?
True
Let k(b) = -b**3 + 13*b**2 - 8*b - 10. Let c be k(12). Let i = -15 + c. Is i a composite number?
False
Let a be (-4 + 1)*6/(-6). Let b = -1 + a. Suppose -b*t + 48 = -130. Is t prime?
True
Let d = 20 + -4. Let g = -22 + d. Let o = 125 + g. Is o a composite number?
True
Let u(l) = 13*l + 3. Let z(f) = -7*f - 4. Let s be z(-2). Is u(s) prime?
False
Let w(r) = r**3 + 7*r**2 + 5*r - 4. Let v be w(-6). Is ((-186)/9*-3)/v prime?
True
Let o(j) = -243*j - 8. Is o(-7) prime?
True
Is 0 + 0 - (-66 + -1) a prime number?
True
Let y be (-9)/15 - (-9)/15. Suppose y = -4*f + 101 + 95. Suppose -78 = -i + f. Is i a composite number?
False
Suppose -3*n + 1224 = 183. Is n prime?
True
Let c = 24 + -58. Let z = -19 - c. Is z a composite number?
True
Suppose 0 = -w - 4*w + 15. Suppose 0*d - 2*d = r - 75, 310 = 4*r + w*d. Is r composite?
False
Let a(p) = p**3 + 17*p**2 + 10*p - 27. Let q be a(-16). Suppose 4*c = -2*r + 1204, -3*c + 5*r - r = -892. Suppose -c + q = -3*u. Is u a prime number?
False
Let b = 3795 + -1834. Is b a composite number?
True
Suppose -5*z + 6*t = 2*t + 3, 3*z + 1 = 2*t. Is (z/(-3))/(14/(-12894)) a prime number?
True
Is (4 + 202/4)*2 a composite number?
False
Suppose 2 = 2*g, -4*i + i + g = -4106. Is i a composite number?
True
Suppose 1 = 4*t - 15. Suppose 4*v - t*r = v + 248, 4*r = 4*v - 332. Is ((-6)/4)/((-9)/v) a prime number?
False
Suppose 0 = 5*t - 3*z, 3*t = 2*t - 3*z. Let y = 0 - t. Suppose -2*b + 65 = -3*p, 3*b - 8*b - 2*p + 191 = y. Is b a composite number?
False
Suppose 3*j - 16 = 17. Suppose 39 = 4*k + j. Is k prime?
True
Let i = -5 + 9. Suppose 0*j + i*j = 0. Suppose 3*k - 2*k - 3 = j. Is k a composite number?
False
Suppose 0 = -14*d + 10*d + 1128. Suppose 3*g = 3*s + 111 + d, s + 385 = 3*g. Is g prime?
True
Let s(x) = 15*x**2 + 3*x + 1. Let k be (-1 - -10)*6/(-18). Is s(k) a prime number?
True
Let v(m) = m**3 - 9*m**2 + 14. Let n be v(12). Suppose 5*i = n - 1. Is i prime?
True
Let x(u) = -2 + u + 2. Let j be x(4). Suppose 4*s - j*t - t - 3 = 0, -5*s = 5*t - 60. Is s a composite number?
False
Suppose -f + 4 + 1 = 0. Suppose -f*k - 3 = -8. Is 4*5*k - -1 prime?
False
Is 2*(1158/20 + 8/(-20)) a composite number?
True
Let o = 2218 + -1541. Is o composite?
False
Let a(d) = -d**2 - 6*d + 5. Let y be a(-6). Suppose -14 - 1 = 5*k, -y*j + 3*k = -254. Is j a prime number?
False
Let z = -239 + 158. Let x = z - -136. Is x composite?
True
Suppose 0 = -13*y + 2785 + 11632. Is y a prime number?
True
Let s = 2 + -11. Let w be (-3)/(s/3) + -13. Is w/(-9)*(-78)/(-4) prime?
False
Let v = 25 + -14. Let l(b) = -16*b**2 + 21*b - 6. Let y(c) = 3*c**2 - 4*c + 1. Let h(n) = v*y(n) + 2*l(n). Is h(3) composite?
False
Let a be 6/(206/200 + -1). Suppose 5*s - 5*t = a, 155 = 4*s - s + 4*t. Suppose -s = 4*o - 137. Is o a composite number?
False
Let l(b) = 17*b - 1. Let h be l(3). Let z be -3*(-2)/(-3)*h. Let a = z - -167. Is a a prime number?
True
Let x(k) = 1 - k + 2*k + 0*k. Let s be x(-6). Is (-154)/s + (-3)/(-15) prime?
True
Suppose -1277 = -3*u + 1282. Is u a prime number?
True
Suppose -4*h + 6186 = 2*h. Is h a prime number?
True
Let k be (6/12)/((-2)/(-104)). Suppose 3*u - k = u. Is u prime?
True
Suppose 0 = -116*p + 119*p - 2985. Is p composite?
True
Let i = 361 - 204. Is i a prime number?
True
Suppose 636 = 3*a + z, -3*a - 4*z = z - 648. Is a prime?
True
Let f = 69 + 1046. Is f prime?
False
Let f(t) be the third derivative of -t**6/360 - t**5/10 - t**4/12 + t**3/6 - 2*t**2. Let a(p) be the first derivative of f(p). Is a(-7) a composite number?
True
Let v(o) = 5*o**2 + 2*o - 1. Let z be v(-3). Suppose -z = -t - t. Is t composite?
False
Let d(a) = a**3 + 5*a**2 - 4*a - 1. Suppose -n + 4*c = 11 - 3, 0 = n - 2*c + 2. Is d(n) composite?
False
Let z = -4 - -6. Suppose 0 = -i + q + 13, -5*q + 97 = z*i + 2*i. Suppose 193 = 5*c + i. Is c a composite number?
True
Suppose -20 = g - 6*g. Suppose -u - g*v + 35 = 0, 146 + 27 = 4*u + 5*v. Is u a composite number?
False
Suppose 4*t - 5*z = 12749, -t = 3*t + 2*z - 12714. Is t composite?
False
Let m = 7 + -4. Suppose -2*j = 2*z + m*j - 14, 12 = z + 5*j. Suppose 4*h - 2*p = p + 54, -z*h + 3*p + 24 = 0. Is h a composite number?
True
Let h(q) = -2*q**3 + 2*q**2 - 2*q + 1. Let t be h(1). Let x(o) = -83*o**3 - 2*o**2 - o. Is x(t) composite?
True
Suppose 5068 = -4*d + 1712. Let j = -586 - d. Is j composite?
True
Is 302 + (0 - -4)*-1 composite?
True
Let p = 11 + 2. Suppose 3 + p = 4*u. Suppose w - 10 - u = 0. Is w composite?
True
Let f(b) = -7*b**3 - 2*b**2 + 6*b + 6. Is f(-3) a prime number?
False
Suppose 95 - 279 = -l - y, 0 = -4*l - 2*y + 728. Let f = l + -53. Is f composite?
False
Let j be (-1 + 99/6)*-2. Let q = -18 - j. Suppose -q + 55 = 3*m. Is m a composite number?
True
Let r = 2707 - 1714. Is r composite?
True
Let m = 66 + 65. Is m prime?
True
Let q(n) = n**2 - 11*n + 5. Let v be q(-8). Suppose -v = 3*j - 4*j. Is j a composite number?
False
Suppose -5*v - 10 = 3*z, v - 4*v = -2*z + 6. Is (-2)/4 - 747/v a composite number?
False
Let l = 60 + 155. Is l composite?
True
Let u(h) = -h**2 + 3*h + 5. Let s be u(4). Let x be (1*3)/(s/(-2)). Let d(f) = 2*f**2 + 7*f + 5. Is d(x) prime?
False
Let d(a) = -a**3 - 4*a**2 + 6*a + 2. Suppose -3*o - 3 = -5*s, -19 - 14 = 4*o + 3*s. Is d(o) a composite number?
True
Let t be 0 + -2 + 20 - 3. Suppose 5*v = -t, 3*h - 2*v = -v + 168. Is h a composite number?
True
Suppose 0 = -5*g - 5*q, q - 4 = -4*g - q. Suppose -3*u - s = g, 2*u = 2*s - 0 + 4. Is 3 - (u/2 - 188) a composite number?
False
Suppose 4*d + 0*d = 8176. Suppose -p = 3*p - d. Is p a composite number?
True
Suppose -f - 4*g = -21, 4 = f - g - 7. Let x = f - 9. Suppose 0 = i + 5, 3*i = x*s - 28 - 39. Is s prime?
True
Suppose 3*r + 0*r + 243 = 0. Let t = r + 175. Suppose 2*g = t - 20. Is g prime?
True
Suppose -417 = -2*x - 3*w, x - w = w + 191. Let y = -10 + x. Is y a composite number?
False
Let o(n) = n**